e m(u).
-5
Suppose 4*y + z = 23 + 1, -2*y - z + 12 = 0. Let u be (y/(-12))/(2/(-20)). Let v(q) = -q**3 + 4*q**2 + 8*q - 6. Calculate v(u).
9
Let k(m) = -6*m**3 - m - 1. Suppose 2*d - 5*j - 44 = 0, -2*d - 3*d = 3*j - 79. Let b = -18 + d. What is k(b)?
6
Let k = 3 - 0. Let l(v) = -3*v**3 - 7*v**2 - v - 5. Let c(q) = q**3 + q**2 + 1. Let u = -1 + 5. Let j(t) = u*c(t) + l(t). Determine j(k).
-4
Let v(p) = p + 1. Suppose 11 = -5*n - 4. Let r(q) = 2*q + 2. Let m(j) = n*r(j) + 5*v(j). Determine m(-4).
3
Let m = 93 + -94. Let v(b) = -13*b**3 - 2*b**2 - 2*b - 1. What is v(m)?
12
Let d(q) be the first derivative of -q**3/3 + q + 6. Let c(v) = 7*v**2 - 3*v - 5. Let b = 3 - 2. Let s(r) = b*c(r) + 6*d(r). What is s(3)?
1
Let w(r) be the first derivative of -r**2/2 - 2*r - 2. Suppose 0 = 2*y - 0*y + 10. Give w(y).
3
Let s(a) be the first derivative of -a**4/4 + 2*a**3/3 + 3*a - 18. Let b = -13 - -18. Suppose -2*m + b = -1. What is s(m)?
-6
Let j(y) be the first derivative of y**5/60 + y**4/12 + 2*y**3/3 + 3*y**2/2 + 2. Let w(z) be the second derivative of j(z). Determine w(-3).
7
Let m(y) = -4 - 4*y**2 + 0 + 2 - 3*y. Suppose 2*n = 3*p, 4*p + 1 = -p + 3*n. What is m(p)?
-12
Let b = -26 + 38. Let n be (6/4)/(b/(-64)). Let r = 5 + n. Let m(a) = -a - 4. Calculate m(r).
-1
Let o(s) = -s**3 - 6*s**2 - 3*s + 1. Let w be ((-55)/(-22))/(1/(-2)). Give o(w).
-9
Let t(n) = -16 + n + 6 - n**2 + 10 + 3. Calculate t(3).
-3
Let h(p) = 2*p**2 + 3*p + 2. Let g = 1 - -1. Suppose g*u = -u. Suppose u = 3*y + 2*y + 10. Calculate h(y).
4
Let b(z) be the third derivative of 0 - 1/24*z**4 + 3*z**2 + 0*z**3 + 0*z. Let d be b(-4). Let h(c) = -c - 2. Give h(d).
-6
Let d(y) be the second derivative of 5*y**3/6 - 3*y**2/2 - 2*y. Let x = 13 + -11. Calculate d(x).
7
Let d(l) be the second derivative of l**3/3 + 2*l. Give d(5).
10
Let o(k) = k. Let q(d) = -2*d. Let b(z) = 2*o(z) + 3*q(z). Suppose -5*r - 8 + 18 = 0. Suppose -w - 6 = r*w. What is b(w)?
8
Let y(s) = 4 + s**2 + 1 - 2 + 5*s. Suppose -9*h = -52 + 88. Calculate y(h).
-1
Suppose -3*h = -0*h - 15. Let u(k) = -k**3 + 6*k**2 - 7*k + 6. What is u(h)?
-4
Let w(m) = 5*m**2 + 5*m + 6. Let t(o) = 11*o**2 + 10*o + 13. Let u(f) = -4*t(f) + 9*w(f). Calculate u(-4).
-2
Suppose -y + 5 = 0, 4*y = 4*t + 2 + 2. Suppose -2*o = 4*u - 44, t*u + 3*o - 4*o = 38. Let i be (-4 + 2)*u/4. Let q(f) = f + 6. Calculate q(i).
1
Let r(d) = 5*d + 4. Let c(a) = a + 1. Let k(l) = 4*c(l) - r(l). Let m = 11 + -5. Let h = 0 - m. What is k(h)?
6
Let y be (0 - 0)/(-3 + 2). Suppose w - 1 = -u - 3, -4*w + 3*u - 1 = y. Let r(h) be the first derivative of -5*h**4/4 - h**3/3 - h**2/2 + 1. Determine r(w).
5
Let o(w) be the third derivative of w**5/30 - w**4/2 - 7*w**3/6 + 2*w**2. Let p(h) = -h**2 + 6*h + 3. Let v(a) = -6*o(a) - 13*p(a). Give v(6).
3
Let z(g) = 5 + 3*g**2 + 4*g + 3*g + 6*g - 15*g + g**3. Determine z(-4).
-3
Let b(a) = a**2 + 4*a. Suppose 5*x + 15 = -0*x. Let z be 169/(-39) + (-1)/x. What is b(z)?
0
Let r = -8 + 4. Let n = r - 1. Let i be (-9)/(-5) - 1/n. Let d(h) = -h + 4. Give d(i).
2
Let r(z) = 4*z - 3. Let u be -6*(0 + 1/(-2)). Suppose u*i + 15 = 6*i + 3*o, 3*i + 6 = 4*o. Let p be r(i). Let y(j) = j + 2. What is y(p)?
7
Let b = 50 - 55. Let u(m) = m**2 + 5*m - 4. What is u(b)?
-4
Suppose 4 = -4*p - 16. Let v = p - -8. Let m(z) = 6 - 1 + 4*z**3 - z**2 - 1 - z - 5*z**v. Give m(0).
4
Let u(n) = 11*n**2 + 10*n + 21. Let b(d) = -5*d**2 - 5*d - 10. Let f(c) = 13*b(c) + 6*u(c). Let g be 2 + 5 + 4/2 - 4. Give f(g).
-4
Suppose -9*z = -12*z + 15. Let i = 1 + 0. Let g(w) = -4 + w**2 - 3*w + i - 3. What is g(z)?
4
Let d(n) = -2*n**3 - n**2 + 2*n - 1. Let v be d(1). Let s be v/4 - (-21)/6. Let p(l) be the first derivative of l**4/4 - 4*l**3/3 + 4*l + 2. Determine p(s).
-5
Suppose -4*l + 2 = -2*q, 2*l + 3*l - 6 = 3*q. Let p = q - -3. Let s(a) = 2*a + 1. Let d(k) = -2*k - 2. Let i(u) = -5*d(u) - 4*s(u). Calculate i(p).
-2
Let a = -20 - -28. Let b = -6 + a. Let k(j) = j**3 + 4*j**2 + 2*j - 1. Let z(g) = 2*g**3 + 5*g**2 + 2*g - 1. Let x(f) = -3*k(f) + 2*z(f). What is x(b)?
-3
Let x(n) = -3*n**3 - 2*n + 2. Let v be x(1). Let k(s) = s**2. Determine k(v).
9
Let y(x) be the third derivative of -x**8/6720 + x**7/840 + x**6/240 - x**5/60 + x**4/8 + 3*x**2. Let o(m) be the second derivative of y(m). Determine o(4).
-6
Let u(q) = -q**2 + 6*q - 1. Let n(w) be the second derivative of 5/2*w**2 + w + 1/6*w**3 + 0. Let v be n(0). Determine u(v).
4
Let d(m) = m**2 - 3*m - 3. Suppose -i + 0*i + 8 = 0. Suppose i - 23 = -5*z. Let h be d(z). Let g(x) = -2*x**2 - 5*x - 2. Give g(h).
-5
Let d(m) = -m**3 + 2*m**2 + 2*m + 1. Suppose 6*j - 5*j = 3. What is d(j)?
-2
Let q(a) be the first derivative of -a**3/3 + 7*a - 33. Calculate q(-5).
-18
Let t(s) be the third derivative of s**5/60 + s**4/6 + 2*s**2. Suppose w + 1 - 2 = 0. Let k be (-3 - -1) + w/(-1). Determine t(k).
-3
Let w(x) = -x - 18. Let f be w(-20). Let n(r) = -2*r**2 + 1. Calculate n(f).
-7
Let k(i) be the first derivative of i**3/3 - i**2 - i - 23. Calculate k(3).
2
Let v(d) = -12*d**2 - 2*d + 3 + 26*d**2 - 11*d**2 + d**3 - 4*d**2. Determine v(2).
3
Suppose -2*v = z, 0 = -2*v + 3*z + 7 + 9. Let l(d) be the first derivative of 2 - 3/2*d**2 - 1/3*d**3 + 3*d. Give l(v).
-7
Let p(l) be the third derivative of l**6/180 + l**5/120 + 5*l**4/24 + 4*l**2. Let i(q) be the second derivative of p(q). Calculate i(2).
9
Suppose -3*u = -15 - 6. Let g(v) = v**2 - 6*v - 9. Determine g(u).
-2
Let u(w) = -5*w**2 - 2*w - 6. Let a(g) = -g**2 - g. Let x(q) = -6*a(q) + u(q). What is x(-5)?
-1
Let u(i) = 18*i**2 + 17*i - 17. Let r(t) = 6*t**2 + 6*t - 6. Let y(f) = -17*r(f) + 6*u(f). Let a be 4 - 1 - (-1 - 1). Suppose -l - a + 4 = 0. What is y(l)?
6
Let x(t) be the second derivative of -t**4/3 - t**3/6 + t**2/2 + 14*t. Calculate x(2).
-17
Suppose -13 = 4*d - 5. Let f(w) = -3*w - 1. Let z be f(d). Let b(r) be the third derivative of r**4/24 - 2*r**3 + r**2. Determine b(z).
-7
Let v(p) = -p - 6. Let y = -12 + 6. Calculate v(y).
0
Let a(y) = y**3 - 7*y**2 + 1. Let n = -4 - -6. Let x = n + 5. Determine a(x).
1
Let f(i) = -3*i + 2. Suppose -4*l = -13 - 15. Calculate f(l).
-19
Let a(m) = m**3 + m**2 + m + 1. Let s(c) = 2*c**3 + 5*c**2 + 4*c + 1. Let z(p) = -3*a(p) + s(p). What is z(-2)?
12
Let q(s) = s**3 + 2*s**2 - s. Let c be 8/(8/(-2)) + -1. Calculate q(c).
-6
Let m(a) = -2*a**3 + 2*a**2 + 2. Let f(x) = x**2 - 5*x + 4. Let q be f(5). Suppose 2 = 2*j - q*n - 2, -5*j + 10 = -n. Calculate m(j).
-6
Let p(h) = -5*h**2 + 4*h - 9. Let y(u) = 3*u**2 - 2*u + 5. Let n(f) = 4*p(f) + 7*y(f). Calculate n(-3).
2
Let w(o) = 2*o - 18. Let k(a) = a. Let t(r) = 3*k(r) - w(r). Let m be t(-13). Let g(c) = -c**2 + 3*c + 7. Determine g(m).
-3
Let f(o) = -o**3 - 8*o**2 - 8. Let a be f(-8). Let u(t) = -t**3 - 8*t**2 + 2*t + 12. Calculate u(a).
-4
Let z(f) = -f**2 + 7*f - 2. Let l(y) = -y + 1. Let a(g) = -5*l(g) - z(g). Let i(u) = u + 1. Let t(w) = a(w) + 2*i(w). Give t(1).
0
Let x(a) = -a**2 - 7*a - 3. Let n(u) = u - 14. Let g be n(7). Give x(g).
-3
Suppose 2*s - 7 - 1 = 0. Let w(c) = -3*c**2 - 4*c - 3. Let h(o) = -o**2. Let l(v) = s*h(v) - w(v). Let x be 26/7 - 2/(-7). What is l(x)?
3
Let t(o) = o**2 + 5*o - 2. Let u(a) = -a**2 - a + 1. Let v(p) = t(p) + 4*u(p). What is v(-2)?
-12
Let v(l) = l**2 + 3*l - 16. Let o be v(-5). Let h(z) be the third derivative of -z**4/12 - z**3/6 - 2*z**2. What is h(o)?
11
Let u(s) = -5*s**2 - 2*s - 2. Let r(a) = -a**2. Let f(o) = 6*r(o) - u(o). Calculate f(-2).
-6
Let o = -10 - -11. Let k(l) = -l**2 - o - 2*l + l + 0*l. What is k(-2)?
-3
Let c(q) be the third derivative of q**6/120 - q**5/15 - 7*q**4/24 + q**3/6 - 9*q**2. What is c(5)?
-9
Let w(l) = 9 - 3*l + 2*l - l**2 - 2 - 3*l. Let n be 3 + -1 - (-6)/(-1). Let u(m) = -m**2 - 2*m + 3. Let t be u(n). Give w(t).
2
Suppose -2*x + x = -5*t + 3, -2*t - 9 = 3*x. Let r(b) = 2*b**2 + 5*b + 2. Determine r(x).
5
Let w be 2/(-10) + 22/10. Let t be 0 - (-5 - (-4 + w)). Let r(c) = -3*c**2 - c**2 + 6 - 6*c - 2*c**3 + t*c**3. Determine r(5).
1
Let w(g) = -5*g**2 + 5*g - 3. Let b(a) = 2*a**2 - 2*a + 1. Let y(f) = 7*b(f) + 3*w(f). Determine y(4).
-14
Let s be (-70)/(-40) + 2/8 - -4. Let f(p) = 2*p - 6. What is f(s)?
6
Let d be 32/(-6) - 2/(-6). Let h(z) = 10 - z**3 + 2*z**3 + 5*z**2 - 9. Determine h(d).
1
Let z